{"id":42,"date":"2014-03-13T16:09:55","date_gmt":"2014-03-13T16:09:55","guid":{"rendered":"http:\/\/spjadowniki.ibip.info\/?page_id=42"},"modified":"2024-12-16T20:41:34","modified_gmt":"2024-12-16T19:41:34","slug":"kadra","status":"publish","type":"page","link":"https:\/\/spjadowniki.ibip.info\/?page_id=42","title":{"rendered":"Kadra"},"content":{"rendered":"<p><strong>Kadra Publicznej Szko\u0142y Podstawowej w Jadownikach<\/strong><\/p>\n<p><strong>Kadra nauczycielska<\/strong><\/p>\n<ol>\n<li>Dyrektor szko\u0142y\u00a0 Agnieszka J\u0119drzejczyk-Skimina \u2013 j\u0119zyk niemiecki, edukacja dla bezpiecze\u0144stwa<\/li>\n<li>Marlena Lipczy\u0144ska\u00a0\u2013 wychowanie przedszkolne<\/li>\n<li>Paulina Kalista \u2013 wychowanie przedszkolne<\/li>\n<li>El\u017cbieta Po\u017coga \u2013 edukacja wczesnoszkolna, zaj\u0119cia terapeutyczne<\/li>\n<li>Edyta Przygoda \u2013 edukacja wczesnoszkolna, wychowanie do \u017cycia w rodzinie<\/li>\n<li>Barbara Dudzic\u00a0\u2013 edukacja wczesnoszkolna<\/li>\n<li>ks. Norbert Siedlecki\u00a0 \u2013 religia<\/li>\n<li>Katarzyna Samiec \u2013 j\u0119zyk polski<\/li>\n<li>Justyna Machula \u2013 j\u0119zyk polski<\/li>\n<li>S\u0142awomir \u017burowski \u2013 historia, wiedza o spo\u0142ecze\u0144stwie<\/li>\n<li>Edyta Dawiec \u2013 j\u0119zyk angielski, plastyka<\/li>\n<li>Sylwia Mr\u00f3z \u2013 j\u0119zyk angielski, zaj\u0119cia korekcyjno-kompensacyjne<\/li>\n<li>Aleksandra Sepio\u0142o \u2013 muzyka<\/li>\n<li>Aneta Wojteczek \u2013 przyroda, biologia, zaj\u0119cia rewalidacyjne<\/li>\n<li>Gra\u017cyna Staszewska \u2013 matematyka, technika<\/li>\n<li>Anna Franczak \u2013 matematyka, informatyka<\/li>\n<li>Krzysztof Tutka \u2013 geografia<\/li>\n<li>Ma\u0142gorzata Kasprowicz \u2013 fizyka, doradztwo zawodowe<\/li>\n<li>Ewa Kutera \u2013 chemia<\/li>\n<li>Anna Tokarska \u2013 wychowanie fizyczne<\/li>\n<li>Ma\u0142gorzata Mergalska \u2013 biblioteka, zaj\u0119cia rewalidacyjne<\/li>\n<li>Ewa Cymerys \u2013 zaj\u0119cia rewalidacyjne, zaj\u0119cia terapeutyczne<\/li>\n<li>Agnieszka Dziuba \u2013 wspomaganie ucznia<\/li>\n<li>Aneta Saramak \u2013 wspomaganie ucznia, pedagog szkolny<\/li>\n<\/ol>\n<p><strong>Pracownicy obs\u0142ugi<\/strong><\/p>\n<ol>\n<li>Barbara Roma\u0144ska &#8211; sprz\u0105taczka<\/li>\n<li>Dorota G\u0142uszek &#8211; sprz\u0105taczka<\/li>\n<li>Zdzis\u0142aw Przygoda &#8211; palacz<\/li>\n<\/ol>\n","protected":false},"excerpt":{"rendered":"<p>Kadra Publicznej Szko\u0142y Podstawowej w Jadownikach Kadra nauczycielska Dyrektor szko\u0142y\u00a0 Agnieszka J\u0119drzejczyk-Skimina \u2013 j\u0119zyk niemiecki, edukacja dla bezpiecze\u0144stwa Marlena Lipczy\u0144ska\u00a0\u2013 wychowanie przedszkolne Paulina Kalista \u2013 wychowanie przedszkolne El\u017cbieta Po\u017coga \u2013 edukacja wczesnoszkolna, zaj\u0119cia terapeutyczne&#46;&#46;&#46;<\/p>\n","protected":false},"author":2,"featured_media":0,"parent":0,"menu_order":0,"comment_status":"closed","ping_status":"open","template":"","meta":{"_expiration-date-status":"saved","_expiration-date":0,"_expiration-date-type":"","_expiration-date-categories":[],"_expiration-date-options":[]},"_links":{"self":[{"href":"https:\/\/spjadowniki.ibip.info\/index.php?rest_route=\/wp\/v2\/pages\/42"}],"collection":[{"href":"https:\/\/spjadowniki.ibip.info\/index.php?rest_route=\/wp\/v2\/pages"}],"about":[{"href":"https:\/\/spjadowniki.ibip.info\/index.php?rest_route=\/wp\/v2\/types\/page"}],"author":[{"embeddable":true,"href":"https:\/\/spjadowniki.ibip.info\/index.php?rest_route=\/wp\/v2\/users\/2"}],"replies":[{"embeddable":true,"href":"https:\/\/spjadowniki.ibip.info\/index.php?rest_route=%2Fwp%2Fv2%2Fcomments&post=42"}],"version-history":[{"count":13,"href":"https:\/\/spjadowniki.ibip.info\/index.php?rest_route=\/wp\/v2\/pages\/42\/revisions"}],"predecessor-version":[{"id":455,"href":"https:\/\/spjadowniki.ibip.info\/index.php?rest_route=\/wp\/v2\/pages\/42\/revisions\/455"}],"wp:attachment":[{"href":"https:\/\/spjadowniki.ibip.info\/index.php?rest_route=%2Fwp%2Fv2%2Fmedia&parent=42"}],"curies":[{"name":"wp","href":"https:\/\/api.w.org\/{rel}","templated":true}]}}

<p><strong>Kadra Publicznej Szkoły Podstawowej w Jadownikach</strong></p>
<p><strong>Kadra nauczycielska</strong></p>
<ol>
<li>Dyrektor szkoły  Agnieszka Jędrzejczyk-Skimina – język niemiecki, edukacja dla bezpieczeństwa</li>
<li>Marlena Lipczyńska – wychowanie przedszkolne</li>
<li>Paulina Kalista – wychowanie przedszkolne</li>
<li>Elżbieta Pożoga – edukacja wczesnoszkolna, zajęcia terapeutyczne</li>
<li>Edyta Przygoda – edukacja wczesnoszkolna, wychowanie do życia w rodzinie</li>
<li>Barbara Dudzic – edukacja wczesnoszkolna</li>
<li>ks. Norbert Siedlecki  – religia</li>
<li>Katarzyna Samiec – język polski</li>
<li>Justyna Machula – język polski</li>
<li>Sławomir Żurowski – historia, wiedza o społeczeństwie</li>
<li>Edyta Dawiec – język angielski, plastyka</li>
<li>Sylwia Mróz – język angielski, zajęcia korekcyjno-kompensacyjne</li>
<li>Aleksandra Sepioło – muzyka</li>
<li>Aneta Wojteczek – przyroda, biologia, zajęcia rewalidacyjne</li>
<li>Grażyna Staszewska – matematyka, technika</li>
<li>Anna Franczak – matematyka, informatyka</li>
<li>Krzysztof Tutka – geografia</li>
<li>Małgorzata Kasprowicz – fizyka, doradztwo zawodowe</li>
<li>Ewa Kutera – chemia</li>
<li>Anna Tokarska – wychowanie fizyczne</li>
<li>Małgorzata Mergalska – biblioteka, zajęcia rewalidacyjne</li>
<li>Ewa Cymerys – zajęcia rewalidacyjne, zajęcia terapeutyczne</li>
<li>Agnieszka Dziuba – wspomaganie ucznia</li>
<li>Aneta Saramak – wspomaganie ucznia, pedagog szkolny</li>
</ol>
<p><strong>Pracownicy obsługi</strong></p>
<ol>
<li>Barbara Romańska &#8211; sprzątaczka</li>
<li>Dorota Głuszek &#8211; sprzątaczka</li>
<li>Zdzisław Przygoda &#8211; palacz</li>
</ol>

<p>Kadra Publicznej Szkoły Podstawowej w Jadownikach Kadra nauczycielska Dyrektor szkoły  Agnieszka Jędrzejczyk-Skimina – język niemiecki, edukacja dla bezpieczeństwa Marlena Lipczyńska – wychowanie przedszkolne Paulina Kalista – wychowanie przedszkolne Elżbieta Pożoga – edukacja wczesnoszkolna, zajęcia terapeutyczne&#46;&#46;&#46;</p>
